when 3812 is divided by 972?
896
Calculate the remainder when 2975 is divided by 2511.
464
Calculate the remainder when 3559 is divided by 68.
23
What is the remainder when 2359 is divided by 49?
7
Calculate the remainder when 106961 is divided by 106925.
36
What is the remainder when 6745 is divided by 104?
89
Calculate the remainder when 18336 is divided by 134.
112
Calculate the remainder when 3280 is divided by 37.
24
Calculate the remainder when 18051 is divided by 301.
292
What is the remainder when 322234 is divided by 109?
30
What is the remainder when 672077 is divided by 168019?
1
What is the remainder when 2624 is divided by 650?
24
What is the remainder when 5039 is divided by 838?
11
Calculate the remainder when 14075 is divided by 6820.
435
Calculate the remainder when 118005 is divided by 187.
8
What is the remainder when 181754 is divided by 561?
551
What is the remainder when 6076 is divided by 105?
91
What is the remainder when 84840 is divided by 99?
96
What is the remainder when 224329 is divided by 47?
45
Calculate the remainder when 31809 is divided by 3974.
17
Calculate the remainder when 164783 is divided by 205.
168
Calculate the remainder when 108838 is divided by 27193.
66
Calculate the remainder when 112068 is divided by 45.
18
Calculate the remainder when 4306 is divided by 1123.
937
What is the remainder when 39145 is divided by 7?
1
What is the remainder when 153379 is divided by 43?
41
What is the remainder when 63544 is divided by 534?
532
What is the remainder when 751 is divided by 644?
107
Calculate the remainder when 17233 is divided by 64.
17
Calculate the remainder when 24042 is divided by 49.
32
Calculate the remainder when 1433 is divided by 848.
585
What is the remainder when 157774 is divided by 28?
22
Calculate the remainder when 6060 is divided by 1059.
765
Calculate the remainder when 445866 is divided by 321.
318
Calculate the remainder when 7356 is divided by 44.
8
Calculate the remainder when 238261 is divided by 1088.
1077
Calculate the remainder when 4662 is divided by 1.
0
What is the remainder when 5711 is divided by 130?
121
What is the remainder when 3110 is divided by 708?
278
What is the remainder when 30811 is divided by 189?
4
What is the remainder when 55419 is divided by 18465?
24
What is the remainder when 514 is divided by 26?
20
What is the remainder when 1189 is divided by 82?
41
What is the remainder when 137274 is divided by 323?
322
What is the remainder when 24523 is divided by 95?
13
Calculate the remainder when 176986 is divided by 35389.
41
What is the remainder when 24381 is divided by 1057?
70
What is the remainder when 450847 is divided by 355?
352
Calculate the remainder when 51953 is divided by 2597.
13
Calculate the remainder when 3001 is divided by 1124.
753
Calculate the remainder when 124540 is divided by 614.
512
Calculate the remainder when 67306 is divided by 79.
77
What is the remainder when 13933 is divided by 50?
33
What is the remainder when 33888 is divided by 106?
74
What is the remainder when 8163 is divided by 103?
26
What is the remainder when 4601 is divided by 197?
70
What is the remainder when 1655 is divided by 144?
71
What is the remainder when 1587 is divided by 1226?
361
Calculate the remainder when 422591 is divided by 28.
15
Calculate the remainder when 162769 is divided by 941.
917
What is the remainder when 31335 is divided by 82?
11
Calculate the remainder when 1813 is divided by 612.
589
Calculate the remainder when 26048 is divided by 73.
60
Calculate the remainder when 6645 is divided by 6131.
514
Calculate the remainder when 80886 is divided by 37.
4
What is the remainder when 104512 is divided by 17417?
10
Calculate the remainder when 148292 is divided by 27.
8
What is the remainder when 7908 is divided by 203?
194
Calculate the remainder when 1437 is divided by 513.
411
What is the remainder when 15725 is divided by 7693?
339
What is the remainder when 12000 is divided by 17?
15
What is the remainder when 16079 is divided by 111?
95
What is the remainder when 1042 is divided by 433?
176
Calculate the remainder when 2229 is divided by 34.
19
What is the remainder when 86844 is divided by 86842?
2
What is the remainder when 21115 is divided by 80?
75
Calculate the remainder when 61855 is divided by 20614.
13
What is the remainder when 52840 is divided by 175?
165
What is the remainder when 8092 is divided by 56?
28
What is the remainder when 175775 is divided by 12?
11
What is the remainder when 1549 is divided by 159?
118
What is the remainder when 510493 is divided by 688?
685
Calculate the remainder when 5262 is divided by 542.
384
Calculate the remainder when 16522 is divided by 220.
22
What is the remainder when 107375 is divided by 392?
359
What is the remainder when 945 is divided by 75?
45
Calculate the remainder when 82600 is divided by 802.
796
Calculate the remainder when 1057 is divided by 263.
5
Calculate the remainder when 4392 is divided by 1461.
9
What is the remainder when 19428 is divided by 331?
230
What is the remainder when 5332 is divided by 623?
348
What is the remainder when 25548 is divided by 320?
268
What is the remainder when 185472 is divided by 336?
0
Calculate the remainder when 2622 is divided by 116.
70
What is the remainder when 704895 is divided by 45?
15
Calculate the remainder when 404297 is divided by 100.
97
What is the remainder when 44810 is divided by 256?
10
What is the remainder when 1032370 is divided by 1698?
1684
What is the remainder when 395 is divided by 222?
173
What is the remainder when 9304 is divided by 320?
24
What is the remainder when 93426 is divided by 336?
18
Calculate the remainder when 9525 is divided by 677.
47
What is the remainder when 3499 is divided by 973?
580
Calculate the remainder when 230688 is divided by 1548.
36
What is the remainder when 746665 is divided by 17?
8
What is the remainder when 25651 is divided by 58?
15
What is the remainder when 191953 is divided by 5332?
1
What is the remainder when 1585 is divided by 83?
8
Calculate the remainder when 332512 is divided by 13.
11
What is the remainder when 16310 is divided by 543?
20
Calculate the remainder when 8289 is divided by 689.
21
What is the remainder when 1199659 is divided by 154?
153
What is the remainder when 61950 is divided by 579?
576
Calculate the remainder when 678576 is divided by 386.
374
What is the remainder when 5045 is divided by 133?
124
What is the remainder when 5847 is divided by 2915?
17
Calculate the remainder when 6334 is divided by 1576.
30
Calculate the remainder when 13746 is divided by 6451.
844
Calculate the remainder when 3148 is divided by 42.
40
Calculate the remainder when 123253 is divided by 135.
133
Calculate the remainder when 148313 is divided by 39.
35
What is the remainder when 2861 is divided by 102?
5
What is the remainder when 55359 is divided by 548?
11
Calculate the remainder when 4370 is divided by 165.
80
Calculate the remainder when 847797 is divided by 282597.
6
Calculate the remainder when 5068 is divided by 1688.
4
What is the remainder when 2478 is divided by 77?
14
Calculate the remainder when 11881 is divided by 5.
1
Calculate the remainder when 96399 is divided by 1691.
12
What is the remainder when 3889 is divided by 554?
11
What is the remainder when 173450 is divided by 414?
398
What is the remainder when 24751 is divided by 24?
7
What is the remainder when 1397317 is divided by 33?
31
Calculate the remainder when 2203 is divided by 18.
7
What is the remainder when 36630 is divided by 436?
6
Calculate the remainder when 334224 is divided by 334208.
16
What is the remainder when 277647 is divided by 15?
12
What is the remainder when 57869 is divided by 11573?
4
What is the remainder when 612 is divided by 194?
30
What is the remainder when 67862 is divided by 16964?
6
What is the remainder when 16882 is divided by 8438?
6
What is the remainder when 26473 is divided by 122?
121
What is the remainder when 5328 is divided by 90?
18
Calculate the remainder when 38561 is divided by 26.
3
What is the remainder when 18442 is divided by 1675?
17
What is the remainder when 1313 is divided by 646?
21
What is the remainder when 871 is divided by 13?
0
What